*d + 2*d + 24. Let v(n) = 2*n - 19 + 23 - 3*n. What are the prime factors of v(d)?
2, 7
Let d(g) = -3*g + 49. Let u(k) = k - 16. Let o(w) = -2*d(w) - 7*u(w). Let n be o(7). Suppose 11*l - 176 = n*l. List the prime factors of l.
2, 11
Let f(g) be the third derivative of -1/8*g**4 - 5*g**2 + 0*g - 1/3*g**3 + 0. List the prime factors of f(-4).
2, 5
Let b(v) = 3*v + 19. Let c(z) = z**2 + 4*z + 12. Let l be c(-5). Let f be b(l). Suppose 2*y = -0*y + f. List the prime factors of y.
5, 7
Let l(g) = -2*g - 4. Let v = 12 - 20. Let z be l(v). Let w(n) = n**2 - 9*n - 5. What are the prime factors of w(z)?
31
Suppose 402 = 2*h - 0. Suppose 38*x = 41*x - h. List the prime factors of x.
67
Let l(h) = -2*h**2 - 3. Let o be l(3). Let i(t) = t**3 + 7*t**2 + 5*t + 1. Let p be i(-7). Let z = o - p. List the prime factors of z.
13
Let h(f) = -8*f + 220. What are the prime factors of h(-17)?
2, 89
Let t(n) = n**3 - 8*n**2 + 3*n - 14. Let u be t(8). List the prime factors of 6*5/u + 69.
2, 3
Suppose -5*j - 11 = -k, -66 + 14 = -2*k + 4*j. Let y = k + 28. List the prime factors of y.
2
Suppose 23*h - 20235 = 19*h + b, 0 = -5*h + 2*b + 25293. What are the prime factors of h?
5059
Suppose 5*g + 4514 = 4*a - 543, -3*g + 1277 = a. List the prime factors of a.
2, 317
Let t = -1082 + 1628. Suppose 5*n - 555 = -5*i, 7*n - t = 2*n - 2*i. List the prime factors of n.
2, 3
Suppose 4*v - 1382 = -5*k, -4*v + 817 = -5*k - 585. What are the prime factors of v?
2, 3, 29
Suppose -5*b + 19 = 3*n, -5*b + 15 + 1 = 2*n. Suppose a = 5, -b*v + 15 + 20 = -a. What are the prime factors of v?
2, 5
Let u(d) = -d**3 - 10*d**2 + 9*d - 15. What are the prime factors of u(-12)?
3, 5, 11
Let l be 6/(-8)*-2*15768/81. Suppose -9*y = -l - 1436. List the prime factors of y.
2, 3
Suppose 0 = -3*x + 4*y + 928, 7*y - 3*y = -3*x + 944. List the prime factors of x.
2, 3, 13
List the prime factors of 18/(-78) - 348852/(-156).
2, 13, 43
Let c(z) = 9*z**2 + 2*z - 1. Let y be c(2). Let f = y - 36. What are the prime factors of f?
3
Suppose -4*n = -2*n - 12. Suppose 3*b - 443 = c, b + n*c - 10*c - 144 = 0. List the prime factors of b.
2, 37
Let v be 96/80*(-4 - 1). Let j(c) = 2*c**3 + 9*c**2 + 8*c - 2. Let r be j(v). List the prime factors of r/(-18) + 2/9.
3
Let u = 806 + 496. List the prime factors of u.
2, 3, 7, 31
Let s = 32 - 167. Let j = s - -190. List the prime factors of j.
5, 11
Let w be 8 - ((-4 - 1) + 3). Let h = w - 7. Suppose 4*a = -h*b + 10 + 57, b - 4 = -5*a. What are the prime factors of b?
29
List the prime factors of (-728)/(-78)*83*6/4.
2, 7, 83
Let w = 30 + -43. Let m = 15 + w. Suppose 0 = 5*a + 2*o - 33, m*a - 32 = -2*a + 4*o. What are the prime factors of a?
7
Let r = -444 - -315. Let t = r + 259. List the prime factors of t.
2, 5, 13
What are the prime factors of (1 + 7059/(-9))*-3?
2, 5, 47
Suppose -3*o + 462 = 4*b, 5*o + b = 7*o - 297. What are the prime factors of o?
2, 3, 5
Let u(q) = -q - 6. Let o be u(-6). Suppose o*n + 198 = 6*n. What are the prime factors of n?
3, 11
Let q = -24 + -50. What are the prime factors of q*1*(6 - 8)?
2, 37
Suppose 5*f - 3381 = 5*d - 431, 4*f - d = 2354. What are the prime factors of f?
2, 3, 7
Suppose -3*h = -0*h - 9. Let q = h + -2. Let g(z) = 23*z**2. List the prime factors of g(q).
23
Suppose 0 = -5*p + 5*q + 10, 0 = -5*p + 2*p - 2*q + 6. Suppose 7*d - p*d - 890 = 0. List the prime factors of d.
2, 89
Suppose -14*u + 19 = -9. Let s = 74 - 1. Suppose s = u*q - 13. What are the prime factors of q?
43
What are the prime factors of (11/1 - 10)/(3/8625)?
5, 23
Let j = 8409 + -4263. What are the prime factors of j?
2, 3, 691
Let p(v) = v**3 + 13*v**2 + 8*v - 5. Suppose m - 2*m = 11. List the prime factors of p(m).
149
Suppose 0 = -3*t - z + 15190, t - 12*z - 5058 = -15*z. What are the prime factors of t?
2, 3, 211
Suppose 2*r + 1000 = 10*r. What are the prime factors of r?
5
Let r be ((-4)/(-12))/(2/132). Suppose y + 2*y + r = c, -4*c = -y - 99. Suppose 4*n - 3 = c. What are the prime factors of n?
7
What are the prime factors of (-320)/560*(5138/4)/(-1)?
2, 367
Let u(a) = -2 + a**3 + 5*a + 14*a**2 + a + 16 + 8*a. Let g be u(-13). Let v(s) = 12*s**3 + 2*s**2 - 1. What are the prime factors of v(g)?
13
Suppose -664 + 253 = -3*b. Suppose -u - 1 = 4, -2*i - 5*u = -b. List the prime factors of i.
3
Suppose 3*b - 264 = -5*b. List the prime factors of b.
3, 11
Suppose -4*i = -27 - 37. Let r = -4 + i. Suppose -r = -2*z + 34. What are the prime factors of z?
23
Let r(q) = 3*q - 15. Let h be r(7). Suppose -4*b = -h*b + 190. List the prime factors of b.
5, 19
Suppose -3*j + 7*j + 186 = 5*f, f - j - 38 = 0. Let l = -4 + f. What are the prime factors of l?
2, 3, 5
Let z = 326 + -196. List the prime factors of z.
2, 5, 13
Let i = 103 - 103. Suppose 5*h - 57 + 17 = i. List the prime factors of h.
2
Suppose -3*g + 8*g + 4*v - 30 = 0, -5*v + 19 = -3*g. Let p(k) = -5*k + 19. Let d be p(-4). Suppose q - d = -g*q. List the prime factors of q.
13
Suppose 4*w + 63 = q - 380, -5*q + 2179 = -2*w. Suppose -3*z + z + n = -295, -q = -3*z + 3*n. List the prime factors of z.
2, 3, 5
Let c = -24 + -1. Let q be (-12)/12*c/(-1). Let u = 36 + q. List the prime factors of u.
11
Suppose 4*o - 3*o = 4. Let k = o - 2. Suppose -2*d - 3*d = 0, 0 = k*n - 2*d - 18. List the prime factors of n.
3
Let q(g) = 684*g + 121. What are the prime factors of q(3)?
41, 53
Let t(v) = v**2 - 2*v - 10. Let i be t(5). Suppose 208 = i*a - a. What are the prime factors of a?
2, 13
Suppose m + 4*m = -155. Let u = m + 73. List the prime factors of u.
2, 3, 7
Let l be 18 - -4 - (5 + -2). Suppose 17 = 4*y + 5*f - l, f = 4. Suppose 4*d + x - 42 = -y*x, 0 = 2*d + 3*x - 22. List the prime factors of d.
2
Let s = -684 - -1316. List the prime factors of s.
2, 79
Suppose 0 = 2*g - 53 - 19. Suppose 0 = -3*a + 33 + g. Suppose -2*u - a + 105 = 0. What are the prime factors of u?
41
Let u(w) = w**3 + 34*w**2 + 30*w + 28. List the prime factors of u(-13).
3187
Let j(l) = 15*l**2 + 15*l + 152. What are the prime factors of j(-9)?
2, 7, 11
Let z = 24 + -22. Let t = 52 + -33. Suppose -h - 3*u + 21 = 0, -h = -2*h - z*u + t. What are the prime factors of h?
3, 5
Let j = -64 + 124. Suppose 10*h = 6*h + j. What are the prime factors of (-70)/(-4) - h/30?
17
Let c(k) = -7*k**3 + 3*k**2 - 6*k - 6. Let j be c(-3). Suppose 7*d - j = d. List the prime factors of d.
2, 19
Let q be (0 + 10)*11/2. Suppose q*w - 796 = 51*w. What are the prime factors of w?
199
Suppose -2*m - 2*j + j + 3 = 0, -5*j - 29 = -m. Suppose -2*n - z = -0*z - 49, -5*z = m*n - 107. List the prime factors of n.
23
Let c(k) = -k**2 - 4*k + 1. Let s be c(-2). Suppose 0*a + 25 = s*a. What are the prime factors of 140/(-8)*(-8)/a?
2, 7
Let u(f) = f**2 + 5*f + 2. Let m be u(-6). Let l be 2/m - 9/4. List the prime factors of (17 - 1 - -3) + l.
17
Suppose 6*t + 3 + 15 = 0. What are the prime factors of t*5/(45/(-213))?
71
Suppose 23*v + 160 = 10165. List the prime factors of v.
3, 5, 29
Let v(m) = -m**2. Let o(q) = -6*q**3 - 7*q**2 + 2*q + 1. Let l(j) = -o(j) + 5*v(j). What are the prime factors of l(2)?
3, 17
Let a(v) = 131*v - 8. List the prime factors of a(5).
647
Let x be (9/27)/(2/42). Suppose 0 = -0*r + x*r - 210. List the prime factors of r.
2, 3, 5
Let x(p) = 2*p**2 + 4*p + 3. Let s be x(-3). Suppose 0 = -3*n + 99 + s. Suppose 4*f + 3*c = 2*c + 48, 3*f = 2*c + n. What are the prime factors of f?
2, 3
Let l = -20 + 39. Let k = l - 15. What are the prime factors of k?
2
Suppose 0 = 3*a - 4*m + 225, -4*a - 2*m + 31 - 353 = 0. Let w = 96 + a. List the prime factors of w.
17
Suppose -2*i + 92 = 4*l, -2*i - 63 - 29 = -4*l. Let x = l + -4. Let f = x + 8. List the prime factors of f.
3
Suppose 0 = -6*q - 1 + 19. Let c be 1/q - 13/3. List the prime factors of 294/12 - 2/c.
5
Suppose 16 = -5*j - 54. Let w = j - -59. What are the prime factors of w?
3, 5
Let r = 20 + -18. Suppose 0 = r*a + 3*a - 10. What are the prime factors of 16 - (1 + a) - 0?
13
Let n(y) = 2*y**3 + 1 - 2 + y**2 + 0*y**3 - y - 6*y**3. Let v be n(2). Let z = 56 + v. What are the prime factors of z?
5
Let u(w) = 17*w - 17. Let c be u(11). Suppose -10 = -4*p - c. Let t = 60 + p. What are the prime factors of t?
2, 5
Let i = 7 + -10. Let r be (-1 - i)*(-3)/(-2). Suppose 0 = -4*o + 3*g + 113, -r*o - 20 = -4*o 